3 - 16*a**2 + 58*a - 17. What is r(-19)?
-36
Let o(h) = 245*h - 4149. Determine o(17).
16
Let d(k) = -2*k**3 - 5*k**2 + 7*k + 6. Determine d(-5).
96
Let o(a) = -a**2 + 99*a + 5754. Calculate o(-41).
14
Let v(f) = 133*f + 5605. Calculate v(-42).
19
Let a(s) = 202*s - 1196. Calculate a(6).
16
Let r(v) = -684*v + 68398. Determine r(100).
-2
Let f(o) = -3*o**3 + 24*o**2 + 9*o + 147. Give f(9).
-15
Let m(a) = a**3 - 17*a**2 - 42*a - 35. Calculate m(21).
847
Let h(a) = 18*a + 244. Determine h(-30).
-296
Let b(h) = 2*h**3 + 4*h**2 - 20*h - 10. Determine b(-3).
32
Let c(p) = 2*p**2 + 79*p - 208. Calculate c(-37).
-393
Let o(q) = 5*q**3 - 28*q**2 - 50*q - 12. Calculate o(7).
-19
Let u(y) = 4*y**3 - 4*y**2 + 11*y - 58. Calculate u(5).
397
Let l(w) = -3*w**3 - 93*w**2 - 104*w - 415. Determine l(-30).
5
Let z(y) = 125*y - 576. Calculate z(6).
174
Let z(b) = b**3 - 4*b**2 + 5*b + 5. Calculate z(3).
11
Let n(o) = -o**2 - 29*o + 373. What is n(-38)?
31
Let x(o) = -2*o**2 - 136*o - 1155. Determine x(-58).
5
Let w(n) = -140*n + 755. Determine w(6).
-85
Let v(r) = r**2 + 2*r + 13. What is v(-3)?
16
Let z(u) = 40*u**2 - 196*u + 583. Calculate z(3).
355
Let i(x) = -x**3 - 55*x**2 + 329*x + 1750. Calculate i(-60).
10
Let f(k) = 6*k + 85. What is f(-12)?
13
Let b(r) = -12*r + 252. Calculate b(16).
60
Let o(k) = -9*k**2 + 188*k + 11. What is o(21)?
-10
Let d(a) = -2*a**3 + 59*a**2 + 21*a + 185. Determine d(30).
-85
Let c(d) = 52*d**2 + 207*d - 7. Give c(-4).
-3
Let i(k) = 26*k + 389. Calculate i(-12).
77
Let n(v) = 17*v + 1066. Give n(-68).
-90
Let k(r) = -r**3 + 23*r**2 - 85*r - 78. Calculate k(18).
12
Let r(k) = -4*k**2 - 936*k - 20890. What is r(-25)?
10
Let l(m) = -m**3 + 3*m**2 + 3*m - 24. Give l(8).
-320
Let v(k) = -225*k + 224. Determine v(1).
-1
Let p(k) = 2*k**3 + 78*k**2 - 71*k + 364. Calculate p(-40).
4
Let n(j) = j**3 + 11*j**2 + 18*j + 1. Calculate n(-9).
1
Let d(m) = -124*m**2 - 1249*m - 28. Determine d(-10).
62
Let n(j) = -2*j**2 - 57*j - 237. Calculate n(-23).
16
Let z(m) = -384*m**3 - 1918*m**2 - 10*m - 109. Determine z(-5).
-9
Let d(q) = -17*q - 602. Give d(-50).
248
Let r(b) = 996*b - 3986. Calculate r(4).
-2
Let y(j) = j**2 - 14*j + 36. What is y(-12)?
348
Let w(b) = -4*b**2 + 427*b + 982. What is w(109)?
1
Let g(m) = -2*m**2 + 547*m - 8205. Give g(16).
35
Let x(n) = 4*n**2 - 15*n - 36. Determine x(-6).
198
Let h(l) = l**3 + 15*l**2 + 256*l + 2987. Give h(-13).
-3
Let s(b) = 4*b**3 - 152*b - 299. Give s(-2).
-27
Let d(u) = u**2 + 38*u + 544. What is d(-24)?
208
Let g(d) = -2*d**2 - 97*d + 585. Give g(-54).
-9
Let y(m) = 140*m + 3114. Calculate y(-22).
34
Let d(q) = -q**3 + 8*q - 5. Give d(7).
-292
Let x(r) = r**3 - 37*r**2 + 42*r + 976. Calculate x(35).
-4
Let z(u) = -u**2 - 4*u + 54. Calculate z(-9).
9
Let z(j) = -14*j**2 - 355*j + 241. Determine z(-26).
7
Let c(o) = -150*o - 2243. What is c(-15)?
7
Let d(p) = -p**3 + 17*p**2 - 56*p - 105. Determine d(12).
-57
Let y(o) = -4*o**3 + 45*o**2 - 55*o + 21. Calculate y(10).
-29
Let y(q) = 5*q**2 - 23*q + 69. What is y(4)?
57
Let d(f) = f**3 - 441*f**2 - 442*f + 3. What is d(442)?
3
Let c(r) = 21*r**3 + 2*r**2 + 2*r - 4. Determine c(1).
21
Let z(o) = 2386*o + 2397. Determine z(-1).
11
Let z(u) = 562*u + 287184. Determine z(-511).
2
Let d(l) = -233*l + 710. Determine d(3).
11
Let u(l) = -l - 7. Calculate u(-2).
-5
Let w(n) = -2*n**2 + 95*n - 927. Give w(34).
-9
Let x(d) = -5*d**2 + 150*d + 40. Determine x(27).
445
Let d(u) = 17*u - 52. Give d(5).
33
Let n(w) = -14*w**3 + 24*w**2 - 73*w + 159. Give n(2).
-3
Let j(u) = u**2 - 57*u + 168. Give j(3).
6
Let i(b) = b**2 + 13*b + 128. Determine i(-6).
86
Let w(h) = -677*h + 1364. Determine w(2).
10
Let d(m) = -1006*m + 53322. Determine d(53).
4
Let d(w) = w**3 - 7*w**2 - 55*w + 316. Calculate d(7).
-69
Let s(d) = -d**3 + 12*d**2 - 24*d - 36. Determine s(9).
-9
Let t(s) = 13*s**2 + 266*s - 8. Calculate t(-21).
139
Let p(x) = -1149*x - 78127. Give p(-68).
5
Let k(t) = 2*t**3 + 29*t**2 + 24*t - 10. Determine k(-14).
-150
Let w(t) = 2766*t + 5526. What is w(-2)?
-6
Let j(r) = 61*r - 495. Calculate j(10).
115
Let f(z) = z**3 + 42*z**2 + 30*z - 2003. Determine f(-40).
-3
Let f(z) = z**2 + 46*z + 205. What is f(-7)?
-68
Let q(g) = -10*g**3 - 3*g**2 + 41*g + 126. What is q(-3)?
246
Let w(j) = j**3 + 2*j**2 - 8*j - 11. What is w(3)?
10
Let q(w) = 14*w**2 + 137*w - 34. Determine q(-10).
-4
Let n(d) = 2*d**3 + 108*d**2 + 106*d + 156. Give n(-53).
156
Let w(n) = -n**2 - 13*n + 16. What is w(-13)?
16
Let j(m) = m**3 + 35*m**2 - 73*m + 24. What is j(-37)?
-13
Let i(z) = 2*z**2 - 57*z - 426. What is i(-6)?
-12
Let l(b) = 24*b - 156. Determine l(6).
-12
Let z(j) = j**2 + 51*j + 8. Determine z(-49).
-90
Let c(w) = 7*w - 42. Determine c(-26).
-224
Let y(j) = 17*j - 252. Determine y(-9).
-405
Let w(b) = -115*b + 158. Give w(1).
43
Let r(b) = -b**3 - 11*b**2 - 10*b - 527. Determine r(-13).
-59
Let p(c) = c**3 - 14*c**2 - 79*c + 1196. Calculate p(13).
0
Let o(a) = a**2 + 264*a + 2097. Calculate o(-8).
49
Let n(o) = 55*o + 4396. Give n(-80).
-4
Let y(q) = -2*q**3 - 146*q**2 + 157*q + 643. Give y(-74).
-23
Let y(f) = -331*f + 2654. What is y(8)?
6
Let i(b) = 131*b - 924. Give i(7).
-7
Let s(w) = w**2 - 8*w - 58. What is s(14)?
26
Let r(w) = 2*w**2 - 86*w - 478. Calculate r(48).
2
Let m(r) = -3*r**3 + 6*r**2 + 9*r - 18. Give m(3).
-18
Let i(d) = -d**2 + 23*d + 3267. What is i(70)?
-23
Let v(y) = 415*y**2 + 3333*y + 99. Calculate v(-8).
-5
Let x(i) = -11*i + 329. Give x(30).
-1
Let m(l) = -1290*l - 125134. Determine m(-97).
-4
Let j(s) = 92*s - 917. Calculate j(10).
3
Let h(q) = -q**3 - 10*q**2 - 156*q - 1139. Give h(-8).
-19
Let x(a) = 35*a**2 - 275*a - 52. Give x(8).
-12
Let a(g) = -38*g**2 - 22*g + 23. Determine a(1).
-37
Let p(l) = l**3 - l**2 - 31*l + 50. Determine p(-6).
-16
Let n(y) = 18209*y - 91045. Give n(5).
0
Let x(o) = -o**2 - 17*o - 56. What is x(-22)?
-166
Let l(h) = -8*h - 696. Determine l(-88).
8
Let p(i) = 203*i**2 + 7. Give p(-2).
819
Let t(j) = -23*j**2 + 1499*j - 254. Determine t(65).
6
Let v(r) = -79*r - 9395. What is v(-119)?
6
Let b(t) = -t**3 - t**2 - 18*t + 55. Give b(3).
-35
Let s(q) = 81*q + 1760. What is s(-22)?
-22
Let f(r) = 52*r - 1032. Give f(20).
8
Let m(h) = 137*h + 569. Calculate m(-9).
-664
Let d(c) = -5*c**3 - 46*c**2 - 32*c - 198. Calculate d(-9).
9
Let m(d) = 91*d - 6335. Determine m(70).
35
Let q(x) = -1030*x - 30891. Determine q(-30).
9
Let y(n) = n**3 - 2*n + 120. What is y(0)?
120
Let j(y) = -933*y - 105438. Give j(-113).
-9
Let p(g) = -28*g**2 + 1062*g + 56. Determine p(38).
-20
Let y(p) = -4*p - 408. Give y(-105).
12
Let x(j) = -80*j + 73. Determine x(-1).
153
Let j(u) = -152*u + 13717. Determine j(91).
-115
Let k(f) = -f**2 - 414*f + 10514. Give k(24).
2
Let c(r) = 313*r - 8506. Determine c(27).
-55
Let l(v) = -61*v - 31. What is l(-2)?
91
Let q(j) = -j**3 - 53*j**2 + 63*j + 492. Determine q(-54).
6
Let n(z) = -14*z + 632. Calculate n(57).
-166
Let p(f) = 663*f - 7960. Determine p(12).
-4
Let p(s) = -s**3 - 4*s**2 - 2*s - 56. What is p(0)?
-56
Let i(s) = -176*s - 31157. Give i(-177).
-5
Let x(h) = 9*h - 388. Determine x(37).
-55
Let v(g) = -443*g + 5309. Give v(12).
-7
Let i(f) = 5*f**2 + 115*f + 9. Determine i(-23).
9
Let h(d) = 6*d + 636. Calculate h(-106).
0
Let u(v) = 1294*v - 5195. Determine u(4).
-19
Let b(u) = -4880*u - 13. Determine b(0).
-13
Let f(n) = -5*n**2 + 91*n - 13. Give f(18).
5
Let x(k) = -k**3 - 7*k**2 - 207*k - 3717. Determine x(-13).
-12
Let h(g) = -2*g**3 - 8*g**2 - 12*g. What is h(-4)?
48
Let d(l) = -13*l**3 - l**2 - 132*l + 133. Calculate d(1).
-13
Let m(d) = d**3 - 93*d**2 + 428*d + 1040. Determine m(88).
-16
Let r(p) = 15207*p + 167267. Calculate r(-11).
-10
Let y(j) = -j**2 - 23*j + 668. Determine y(-40).
-12
Let h(l) = -l**3 - 6*l**2 + 53*l + 323. Give h(-7).
1
Let t(g) = 3749*g - 3702. Calculate t(1).
47
Let s(b) = -b**3 + 12*b**2 - 88*b + 835. Determine s(9).
286
Let j(k) = -152*k - 19455. Determine j(-128).
1
Let j(m) = -m**3 - 11*m**2 - 21*m - 32. Determine j(-9).
-5
Let n(k) = -115*k - 1617. Determine n(-14).
-7
Let h(u) = 3*u**3 + 88*u**2 + 28*u + 83. Determine h(-29).
112
Let o(c) = -236*c. Determine o(0).
0
Let r(h) = -h**2 - 36*h - 140. What is r(-4)?
-12
Let q(w) = w**2 - 107*w + 2844. What is q(